3, what is -2 + 3231a8?
3231a6
In base 6, what is 43 + 1200135?
1200222
In base 11, what is 1a86a12 + -2?
1a86a10
In base 9, what is -86 + 6322?
6225
In base 6, what is -13 + 253143?
253130
In base 3, what is -10 + -1201011112?
-1201011122
In base 13, what is 2 + -13?
-11
In base 2, what is -1111000100 - 10010?
-1111010110
In base 7, what is 216613 - 21?
216562
In base 7, what is 10 - -56321?
56331
In base 16, what is 954 + 219?
b6d
In base 7, what is -103361 + 26?
-103332
In base 9, what is -4125 + 367?
-3647
In base 12, what is 5b53b3 + 0?
5b53b3
In base 10, what is 250 - 7302?
-7052
In base 4, what is -133311 - 2331?
-202302
In base 6, what is 5531 - -2552?
12523
In base 8, what is -6 - -1123064?
1123056
In base 7, what is -25620 - 1142?
-30062
In base 5, what is -4213 - -4?
-4204
In base 6, what is 4 + -22432521?
-22432513
In base 14, what is 569 + -32?
537
In base 7, what is 4 + -11603504?
-11603500
In base 10, what is -1190 + 42?
-1148
In base 10, what is -4898 - 130?
-5028
In base 11, what is -29003 - -11?
-28aa2
In base 9, what is -117 - 1463?
-1581
In base 7, what is -31 - -500?
436
In base 11, what is -12249 + 3?
-12246
In base 15, what is 6 - 10127?
-10121
In base 13, what is 942c - -6a?
9499
In base 6, what is 50 + -240?
-150
In base 2, what is 101000000100100010 + 111?
101000000100101001
In base 2, what is 101011 - -10001110001010?
10001110110101
In base 7, what is 2 + -164452?
-164450
In base 6, what is 1 - 3324?
-3323
In base 3, what is 2 - 2000011111?
-2000011102
In base 12, what is -6a - -51?
-19
In base 2, what is 1010010100000101 - -1?
1010010100000110
In base 11, what is -3 + 28744?
28741
In base 3, what is 10100010110 + -11?
10100010022
In base 4, what is 32301 - -33?
33000
In base 11, what is -290 + -425?
-705
In base 12, what is -b63 + 4?
-b5b
In base 6, what is 1 + 24352?
24353
In base 4, what is 20313 - 1300110?
-1213131
In base 3, what is 12201020212 + -110?
12201020102
In base 14, what is a1d - 2b?
9d2
In base 2, what is 11101 + 1111101111100?
1111110011001
In base 16, what is 4 - -b0886?
b088a
In base 6, what is -11305 - -1040?
-10225
In base 2, what is -11 + 1011011110011000?
1011011110010101
In base 14, what is -70 - -93?
23
In base 5, what is -12142104 - -3?
-12142101
In base 16, what is -46d + c1?
-3ac
In base 13, what is 101 + 6109?
620a
In base 9, what is -213047 - -8?
-213038
In base 8, what is -51 - 34670?
-34741
In base 16, what is -4 + 686eb?
686e7
In base 14, what is -668 + -1?
-669
In base 14, what is 18 - -116d?
1187
In base 9, what is 2 - 215441?
-215438
In base 5, what is -21142 - 220?
-21412
In base 8, what is 5747 + -6?
5741
In base 7, what is 3543 + -345?
3165
In base 6, what is 533 - 310?
223
In base 12, what is -4a108 - -4?
-4a104
In base 9, what is 1005864 + 0?
1005864
In base 9, what is 580 + -2131?
-1441
In base 3, what is -2102 - -12120201?
12111022
In base 7, what is -23551 - 0?
-23551
In base 15, what is -3 - -24e8?
24e5
In base 6, what is 1142405 + -25?
1142340
In base 11, what is 1064 - -177?
1230
In base 15, what is 4be6d3 + 1?
4be6d4
In base 4, what is 123300 + 1?
123301
In base 16, what is d2f - 2?
d2d
In base 12, what is -29b5 - 34?
-2a29
In base 5, what is -14310 - 33?
-14343
In base 10, what is 6 - 9373?
-9367
In base 15, what is 141ba - 3?
141b7
In base 13, what is -79 - 270?
-319
In base 6, what is 3335 - -100?
3435
In base 9, what is -14 - 7817?
-7832
In base 3, what is 12000 + 21202101?
21221101
In base 9, what is 158 - 353?
-184
In base 7, what is 41515 + -252?
41233
In base 2, what is 0 - -1111001000100?
1111001000100
In base 10, what is 5 + -398340?
-398335
In base 6, what is 0 + -114324?
-114324
In base 16, what is ae1 + 14?
af5
In base 9, what is 1486 - -417?
2014
In base 5, what is -10 + 12144424?
12144414
In base 9, what is 1144 + 58?
1213
In base 15, what is 17ec8 + 3?
17ecb
In base 2, what is -1111001010000110 - -1010011?
-1111001000110011
In base 12, what is -216 - 8?
-222
In base 8, what is -5054 + 123?
-4731
In base 14, what is 3 + b1dc?
b201
In base 8, what is -713 + 47?
-644
In base 8, what is 4 + -1034574?
-1034570
In base 2, what is 101101110100 + -1101110001?
100000000011
In base 3, what is 11020200210022 - -12?
11020200210111
In base 3, what is 22112121122 - -10?
22112121202
In base 2, what is 0 + 1111101110?
1111101110
In base 13, what is 2 + 5a804?
5a806
In base 2, what is -101001110000101110 + -100?
-101001110000110010
In base 9, what is 5 - -63471?
63476
In base 13, what is -4 + 1836c?
18368
In base 3, what is 210100001 + 10?
210100011
In base 2, what is 10 - 1110010111010101?
-1110010111010011
In base 3, what is -200122 + -101202?
-1002101
In base 8, what is -4 - 37327?
-37333
In base 8, what is -2546527 - -5?
-2546522
In base 11, what is 33 - -57aa?
5832
In base 4, what is -3110312 - 2?
-3110320
In base 9, what is 12 + 38357?
38370
In base 5, what is -214244 - -2030?
-212214
In base 9, what is 52566 - 2?
52564
In base 2, what is 10000 - 11100001?
-11010001
In base 5, what is -12044202 - 4?
-12044211
In base 3, what is -1 + 12011001200?
12011001122
In base 10, what is 2198 - -50?
2248
In base 10, what is 55026 - 3?
55023
In base 16, what is 5 + -2744?
-273f
In base 2, what is -110111000100100 + 1?
-110111000100011
In base 13, what is 307c43 + -4?
307c3c
In base 15, what is 9 - 473e2?
-473d8
In base 8, what is -4052135 - -1?
-4052134
In base 16, what is -605 + -5?
-60a
In base 9, what is -22 + -5642?
-5664
In base 4, what is 0 + -202332233?
-202332233
In base 4, what is 0 - 20321033?
-20321033
In base 11, what is -26977 - 18?
-26994
In base 9, what is 312768 - -8?
312777
In base 10, what is -1524 - -778?
-746
In base 13, what is 3 + 42603?
42606
In base 14, what is -5 + -67b1?
-67b6
In base 10, what is 3 - 2483?
-2480
In base 12, what is 8393 - 0?
8393
In base 4, what is 10133 - -33?
10232
In base 5, what is 341021 - 200?
340321
In base 9, what is -1 - -24207?
24206
In base 2, what is 110 + 1011000000110110?
1011000000111100
In base 12, what is -23799 + -5?
-237a2
In base 14, what is a4d + 16?
a65
In base 14, what is 2381d - 0?
2381d
In base 8, what is -2 + 161143?
161141
In base 6, what is 51350041 - -1?
51350042
In base 2, what is -1101001 + -100011010?
-110000011
In base 15, what is 0 - 6856?
-6856
In base 13, what is -6 - 9b09?
-9b12
In base 13, what is 1582 - 11?
1571
In base 7, what is -401 + -12?
-413
In base 6, what is -2202 - 101?
-2303
In base 9, what is -8 + 160888?
160880
In base 3, what is -10 + 1101100110?
1101100100
In base 14, what is 5 - 1b80?
-1b79
In base 15, what is 88 - 2b30?
-2a97
In base 12, what is 105a5 + 50?
10635
In base 15, what is 33ee30 - 1?
33ee2e
In base 6, what is 25150 - -141?
25331
In base 13, what is -4038 - 5?
-4040
In base 6, what is -1442424 + -3?
-1442431
In base 14, what is 3 + 18252?
18255
In base 7, what is -22 - 13003?
-13025
In base 12, what is -4 + -519397?
-51939b
In base 3, what is 101101121 - -20?
101101211
In base 12, what is 21445 + 2?
21447
In base 4, what is -33 + -21120?
-21213
In base 15, what is 5 + -1567?
-1562
In base 13, what is 9b0b - -4?
9b12
In base 15, what is 0 + 52abc?
52abc
In base 9, what is -75 + 185?
110
In base 15, what is 329 - -24d?
577
In base 15, what is -3a + -7572?
-75ac
In base 4, what is 1210133311 - -21?
1210133332
In base 4, what is -310021 - 131?
-310212
In base 6, what is -31053333 + 0?
-31053333
In base 16, what is -3b5 + a?
-3ab
In base 15, what is 185e - 6?
1858
In base 4, what is 2200101031 + -10?
2200101021
In base 7, what is -36 - -301304?
301235
In base 10, what is 42460 + -87?
42373
In base 16, what is 6cd8 - -2?
6cda
In base 6, what is 513 - -1532?
2445
In base 10, what is -134 + 777?
643
In base 16, what is c8 - -2d?
f5
In base 3, what is -112 + 1112212001?
1112211112
In base 8, what is -2315765 - 0?
-2315765
In base 11, what is 0 - -13243?
13243
In base 9, what is -2505 - 27?
-2533
In base 14, what is -15d6717 + 1?
-15d6716
In base 5, what is 12001 - 1233?
10213
In base 6, what is 203 - 200?
3
In base 16, what is -3 - 1aca7?
-1acaa
In base 10, what is 277178 - -7?
277185
In base 5, what is -103241 - 12?
-103303
In base 11, what is -668 + -81a?
-1387
In base 15, what is b + -6417?
-640b
In base 6, what is 1120 - -3200?
4320
In base 4, what is -102112 - -102?
-10